{"id":3044,"date":"2013-10-15T04:14:43","date_gmt":"2013-10-15T04:14:43","guid":{"rendered":"http:\/\/qcons.vn\/?page_id=3044"},"modified":"2014-08-15T07:08:37","modified_gmt":"2014-08-15T07:08:37","slug":"gioi-thieu","status":"publish","type":"page","link":"https:\/\/qcons.vn\/?page_id=3044","title":{"rendered":"Th\u00f4ng tin chung"},"content":{"rendered":"<p>C\u00f4ng ty TNHH QCONS th\u00e0nh l\u1eadp n\u0103m 2005, chuy\u00ean cung c\u1ea5p c\u00e1c d\u1ecbch v\u1ee5 t\u01b0 v\u1ea5n x\u00e2y d\u1ef1ng, bao g\u1ed3m:<br \/>\nThi\u1ebft k\u1ebf k\u1ebft c\u1ea5u<br \/>\nThi\u1ebft k\u1ebf c\u01a1 \u0111i\u1ec7n<br \/>\nQu\u1ea3n l\u00fd d\u1ef1 \u00e1n v\u00e0 gi\u00e1m s\u00e1t x\u00e2y d\u1ef1ng<br \/>\n\u0110\u00e1nh gi\u00e1, \u0111\u1ea5u th\u1ea7u v\u00e0 qu\u1ea3n l\u00fd chi ph\u00ed x\u00e2y d\u1ef1ng<br \/>\nTh\u1ea9m tra thi\u1ebft k\u1ebf<\/p>\n<p>T\u1eeb khi th\u00e0nh l\u1eadp, QCONS \u0111\u00e3 kh\u00f4ng ng\u1eebng n\u1ed5 l\u1ef1c, h\u1ecdc h\u1ecfi ki\u1ec7n to\u00e0n b\u1ed9 m\u00e1y t\u1ed5 ch\u1ee9c, s\u1eed d\u1ee5ng t\u1ed1i \u0111a m\u1ecdi ngu\u1ed3n l\u1ef1c v\u00e0 c\u1ea3i ti\u1ebfn c\u00f4ng ngh\u1ec7, nh\u1eb1m \u0111em l\u1ea1i hi\u1ec7u qu\u1ea3 cao nh\u1ea5t cho c\u00f4ng vi\u1ec7c, n\u00e2ng cao ch\u1ea5t l\u01b0\u1ee3ng s\u1ea3n ph\u1ea9m c\u0169ng nh\u01b0 t\u0103ng kh\u1ea3 n\u0103ng c\u1ea1nh tranh trong l\u0129nh v\u1ef1c t\u01b0 v\u1ea5n x\u00e2y d\u1ef1ng. T\u1eeb \u0111\u00f3, QCONS v\u01b0\u01a1n l\u00ean kh\u1eb3ng \u0111\u1ecbnh v\u1ecb th\u1ebf t\u1ea1i th\u1ecb tr\u01b0\u1eddng Vi\u1ec7t Nam, t\u1ea1o uy t\u00edn cao \u0111\u1ed1i v\u1edbi c\u00e1c nh\u00e0 \u0111\u1ea7u t\u01b0 trong v\u00e0 ngo\u00e0i n\u01b0\u1edbc, x\u1ee9ng \u0111\u00e1ng v\u1edbi th\u00f4ng \u0111i\u1ec7p th\u01b0\u01a1ng hi\u1ec7u &#8220;X\u00e2y ch\u1ea5t l\u01b0\u1ee3ng &#8211; D\u1ef1ng ni\u1ec1m tin&#8221;.<\/p>\n<p>Cho \u0111\u1ebfn nay, QCONS \u0111\u00e3 tham gia th\u1ef1c hi\u1ec7n nhi\u1ec1u cao \u1ed1c v\u0103n ph\u00f2ng, chung c\u01b0 cao t\u1ea7ng, kh\u00e1ch s\u1ea1n, khu ngh\u1ec9 d\u01b0\u1ee1ng, b\u1ec7nh vi\u1ec7n, nh\u00e0 m\u00e1y, c\u00e1c lo\u1ea1i c\u00f4ng tr\u00ecnh d\u00e2n d\u1ee5ng v\u00e0 c\u00f4ng nghi\u1ec7p. M\u1ecdi d\u1ef1 \u00e1n QCONS ho\u00e0n th\u00e0nh \u0111\u1ec1u nh\u1eadn \u0111\u01b0\u1ee3c s\u1ef1 h\u00e0i l\u00f2ng cao n\u01a1i kh\u00e1ch h\u00e0ng, qua \u0111\u00f3 ch\u00fang t\u00f4i c\u00e0ng ho\u00e0n thi\u1ec7n, \u0111\u00fac k\u1ebft nhi\u1ec1u kinh nghi\u1ec7m phong ph\u00fa, \u0111\u1ec3 ph\u1ee5c v\u1ee5 cho kh\u00e1ch h\u00e0ng trong t\u01b0\u01a1ng lai.<\/p>\n","protected":false},"excerpt":{"rendered":"<p>C\u00f4ng ty TNHH QCONS th\u00e0nh l\u1eadp n\u0103m 2005, chuy\u00ean cung c\u1ea5p c\u00e1c d\u1ecbch v\u1ee5 t\u01b0 v\u1ea5n x\u00e2y d\u1ef1ng, bao g\u1ed3m: Thi\u1ebft k\u1ebf k\u1ebft c\u1ea5u Thi\u1ebft k\u1ebf c\u01a1 \u0111i\u1ec7n Qu\u1ea3n l\u00fd d\u1ef1 \u00e1n v\u00e0 gi\u00e1m s\u00e1t x\u00e2y d\u1ef1ng \u0110\u00e1nh gi\u00e1, \u0111\u1ea5u th\u1ea7u v\u00e0 qu\u1ea3n l\u00fd chi ph\u00ed x\u00e2y d\u1ef1ng Th\u1ea9m tra thi\u1ebft k\u1ebf T\u1eeb khi th\u00e0nh l\u1eadp, QCONS \u0111\u00e3 kh\u00f4ng ng\u1eebng n\u1ed5 l\u1ef1c, h\u1ecdc h\u1ecfi ki\u1ec7n to\u00e0n b\u1ed9 m\u00e1y t\u1ed5 ch\u1ee9c, s\u1eed d\u1ee5ng t\u1ed1i \u0111a m\u1ecdi ngu\u1ed3n l\u1ef1c v\u00e0 c\u1ea3i ti\u1ebfn c\u00f4ng ngh\u1ec7, nh\u1eb1m \u0111em l\u1ea1i hi\u1ec7u qu\u1ea3 cao nh\u1ea5t cho c\u00f4ng vi\u1ec7c, n\u00e2ng cao ch\u1ea5t l\u01b0\u1ee3ng s\u1ea3n ph\u1ea9m c\u0169ng nh\u01b0 t\u0103ng kh\u1ea3 n\u0103ng c\u1ea1nh tranh trong l\u0129nh v\u1ef1c t\u01b0 v\u1ea5n x\u00e2y d\u1ef1ng. T\u1eeb \u0111\u00f3, QCONS v\u01b0\u01a1n l\u00ean kh\u1eb3ng \u0111\u1ecbnh v\u1ecb th\u1ebf t\u1ea1i th\u1ecb tr\u01b0\u1eddng Vi\u1ec7t Nam, t\u1ea1o uy t\u00edn cao \u0111\u1ed1i v\u1edbi c\u00e1c nh\u00e0 \u0111\u1ea7u t\u01b0 trong v\u00e0 ngo\u00e0i n\u01b0\u1edbc, x\u1ee9ng \u0111\u00e1ng v\u1edbi th\u00f4ng \u0111i\u1ec7p th\u01b0\u01a1ng hi\u1ec7u &#8220;X\u00e2y ch\u1ea5t l\u01b0\u1ee3ng &#8211; D\u1ef1ng ni\u1ec1m tin&#8221;. Cho \u0111\u1ebfn nay, QCONS \u0111\u00e3 tham gia th\u1ef1c hi\u1ec7n nhi\u1ec1u cao \u1ed1c v\u0103n ph\u00f2ng, chung c\u01b0 cao t\u1ea7ng, kh\u00e1ch s\u1ea1n, khu ngh\u1ec9 d\u01b0\u1ee1ng, b\u1ec7nh vi\u1ec7n, nh\u00e0 m\u00e1y, c\u00e1c lo\u1ea1i c\u00f4ng tr\u00ecnh d\u00e2n d\u1ee5ng v\u00e0 c\u00f4ng nghi\u1ec7p. M\u1ecdi d\u1ef1 \u00e1n QCONS ho\u00e0n th\u00e0nh \u0111\u1ec1u nh\u1eadn \u0111\u01b0\u1ee3c s\u1ef1 h\u00e0i l\u00f2ng cao n\u01a1i kh\u00e1ch h\u00e0ng, qua \u0111\u00f3 ch\u00fang t\u00f4i c\u00e0ng ho\u00e0n thi\u1ec7n, \u0111\u00fac k\u1ebft nhi\u1ec1u kinh nghi\u1ec7m phong ph\u00fa, \u0111\u1ec3 ph\u1ee5c v\u1ee5 cho kh\u00e1ch h\u00e0ng trong t\u01b0\u01a1ng lai.<\/p>\n","protected":false},"author":1,"featured_media":0,"parent":0,"menu_order":0,"comment_status":"open","ping_status":"open","template":"","meta":{"footnotes":""},"class_list":["post-3044","page","type-page","status-publish","hentry"],"acf":[],"_links":{"self":[{"href":"https:\/\/qcons.vn\/index.php?rest_route=\/wp\/v2\/pages\/3044","targetHints":{"allow":["GET"]}}],"collection":[{"href":"https:\/\/qcons.vn\/index.php?rest_route=\/wp\/v2\/pages"}],"about":[{"href":"https:\/\/qcons.vn\/index.php?rest_route=\/wp\/v2\/types\/page"}],"author":[{"embeddable":true,"href":"https:\/\/qcons.vn\/index.php?rest_route=\/wp\/v2\/users\/1"}],"replies":[{"embeddable":true,"href":"https:\/\/qcons.vn\/index.php?rest_route=%2Fwp%2Fv2%2Fcomments&post=3044"}],"version-history":[{"count":38,"href":"https:\/\/qcons.vn\/index.php?rest_route=\/wp\/v2\/pages\/3044\/revisions"}],"predecessor-version":[{"id":3735,"href":"https:\/\/qcons.vn\/index.php?rest_route=\/wp\/v2\/pages\/3044\/revisions\/3735"}],"wp:attachment":[{"href":"https:\/\/qcons.vn\/index.php?rest_route=%2Fwp%2Fv2%2Fmedia&parent=3044"}],"curies":[{"name":"wp","href":"https:\/\/api.w.org\/{rel}","templated":true}]}}